+ 4*o - v - k = 0. Calculate the greatest common divisor of o and 49.
7
Suppose -4*g + 8*g + s - 160 = 0, 3*g - 5*s = 143. Calculate the highest common factor of g and 369.
41
Let q = 22 + -16. Let p = q + 6. Let h be (6/8)/(4/96). Calculate the highest common factor of p and h.
6
Suppose -3*k = -2*x + 16, -2*x - 5*k = -0*x + 16. Let s = x + 14. Calculate the highest common divisor of s and 112.
16
Let u be (-6)/(-18) + 14/(-6). Let q be 2 - 5*((-6)/15)/u. What is the highest common factor of 2 and q?
1
Let d be 6 + (-3)/3 + -3. Let i be (7/d)/(7/42). Let q be 38/14 - 2/(-7). What is the greatest common divisor of i and q?
3
Let o = -135 - -177. What is the highest common divisor of o and 147?
21
Suppose 161*m = -195*m + 8900. Let v = -42 + 67. Calculate the highest common divisor of m and v.
25
Let y(q) = q**2 - 6*q - 14. Let w(b) = -b - 3. Let z be w(-12). Let c be y(z). What is the highest common factor of c and 39?
13
Let a = -880 - -950. What is the highest common factor of 532 and a?
14
Let j = -59 + 155. Let r = -18 + 20. Suppose 4*m + 34 = -r*t + 102, -2*t = -2*m - 38. What is the greatest common factor of j and t?
24
Let h = 766 - 526. Calculate the highest common divisor of h and 520.
40
Let n(t) = 11*t**3 + t**2. Let w be n(1). What is the highest common divisor of w and 9?
3
Suppose 2*s = -4*o + 148, -4*o + 7*s = 3*s - 136. Suppose -v = v - o. What is the greatest common factor of v and 9?
9
Let z be 2 + 8*2 + 6/3. Calculate the highest common divisor of z and 20.
20
Let h(t) = 2*t**2 - 14*t + 40. Let f be h(-8). What is the greatest common factor of 224 and f?
56
Suppose 0 = -4*f - b + 10, -3*b = -4*f + 13 + 5. Suppose -10 = -a + f*k - 4*k, 3*a - 28 = -2*k. Calculate the highest common divisor of 8 and a.
8
Suppose 4*m + 1431 - 4239 = 0. What is the greatest common divisor of 26 and m?
26
Let o(v) = -7*v - 4. Let s be o(-2). Let c = s + -9. Let y be c/(-3) + 1328/24. What is the highest common divisor of y and 5?
5
Suppose -6*d + 2*d = -64. Suppose -5*l - 2*x = 2*x - 154, 4*x = -d. What is the highest common divisor of 306 and l?
34
Suppose 2*k = -3*t + 11, t - 5*k = -t + 20. Suppose t*r - 18 = 2*r. What is the greatest common factor of r and 15?
3
Let z = -209 + 257. Calculate the highest common factor of z and 3.
3
Let r(f) = 10*f + 40. Let m be r(3). Calculate the greatest common divisor of 98 and m.
14
Let v = 138 + -102. Calculate the greatest common divisor of 24 and v.
12
Let f = -565 - -1139. What is the greatest common factor of 123 and f?
41
Suppose -2*p + 3*g = p + 6, -3*g + 12 = -p. Suppose -p*y + y + 150 = 0. What is the greatest common divisor of 30 and y?
15
Let v = -16 - -36. Let j(x) = x**2 - 11*x + 33. Let t be j(7). What is the highest common divisor of v and t?
5
Let u(h) = -221*h - 9. Let m be u(3). Let g be 16/(-20) - -1 - m/15. What is the highest common factor of 60 and g?
15
Suppose 4*g = 2*f - 66, -2*f + 5*g = -0*g - 70. Let s be (-2)/((-3)/(1068/8)). Suppose -4*v + s = -11. Calculate the greatest common divisor of v and f.
25
Suppose -27*z + 11*z = -6656. What is the highest common divisor of z and 32?
32
Let i be 5*(88/(-10))/((-14)/49). Calculate the highest common divisor of i and 88.
22
Suppose 0 = m + 3*w - 1 - 4, 3*m + 2*w - 22 = 0. What is the highest common factor of m and 40?
8
Suppose 2 = -2*x, -4 = -4*h + 4*x - 0. Let t(m) = -2*m**2 - 4 + 11 - 17*m + 6*m + h. Let l be t(-6). Calculate the greatest common factor of l and 8.
1
Let o = 910 - 850. Calculate the greatest common factor of 100 and o.
20
Let h = -965 - -1013. Let d be (6/9)/(1/(-3)). Let n = d + 8. Calculate the highest common factor of n and h.
6
Suppose -7*x + 9721 = -9284. Calculate the highest common divisor of 15 and x.
15
Let b = -56 + 78. Let i(l) = 5*l**2 + 3*l**3 + 2*l - 8*l**3 + 4*l**3 + 1. Let a be i(5). What is the highest common divisor of b and a?
11
Let x be 4*1/(2/49). Suppose 4 = -g, g - 64 = -4*y - 40. Calculate the highest common divisor of x and y.
7
Suppose 7*a - 5*a = 44. Suppose 2*x = 242 - a. What is the highest common divisor of x and 10?
10
Let n = -69481 - -69532. Let m(q) be the first derivative of -33*q**4/4 + q + 1. Let f be m(-1). Calculate the greatest common factor of n and f.
17
Let i be (-2 + 14)/(0 - -1). Let w be (-3)/(-5) - 11/(220/(-288)). Suppose -n + 4*n = w, -5*n + 7 = -3*l. What is the greatest common divisor of i and l?
6
Let l be (-40)/(-7) - (-8)/28. Suppose 2*c + 22 = -5*y, c - 5*y - 16 = -3*c. Let q be c/(-2) - 570/(-12). Calculate the greatest common divisor of q and l.
6
Suppose 0 = -12*v + 17*v - 560. What is the highest common divisor of v and 7?
7
Let h be -6*(1/(-5))/(8/20). Suppose -5*d + 84 = 4*t - d, 0 = -h*t - d + 63. What is the greatest common divisor of t and 147?
21
Let x = -151 + 208. Calculate the highest common factor of 19 and x.
19
Suppose -4*z + z = 5*s + 9, 13 = 5*z - s. Let t be 11 - z/4*-2. Suppose x - 15 = -m, -3*x - 9*m + 42 = -5*m. Calculate the highest common factor of t and x.
6
Suppose -665 = -3*i + 685. Suppose -7*q = -2*q - i. Calculate the greatest common divisor of 18 and q.
18
Let c(b) = -11*b - 1. Let i(p) = 1. Let a(z) = c(z) + 4*i(z). Let m be a(-8). Let f = -49 + m. Calculate the greatest common factor of 6 and f.
6
Suppose -w + 89 = -2*m - 2*m, -4*w - 104 = 4*m. Let v = 175 + m. What is the highest common factor of 19 and v?
19
Let s = 29 - 44. Let m = 19 + s. Suppose n + 7 = 5*t, -5*t - 40 = -m*n - 2*t. What is the greatest common factor of n and 143?
13
Suppose -b = -4*c + 147, -10*c + 5*c = 3*b - 171. Calculate the greatest common factor of c and 4.
4
Suppose -20 = p + 3*p. Let v = -80 - -93. Let r = p + v. Calculate the greatest common factor of 1 and r.
1
Suppose 725*h - 733*h + 2464 = 0. What is the greatest common divisor of 154 and h?
154
Let q be (-373)/(-5) - (-4)/10. Let s(x) = x + 3. Let d be s(-3). Suppose 2*u - q + 15 = d. What is the greatest common factor of u and 10?
10
Suppose 186 = 4*b + 5*l, 3*l + 0*l - 182 = -4*b. Suppose -3*n = n + b. Let v = -2 - n. Calculate the highest common divisor of 9 and v.
9
Let j = 100 + -54. Suppose 0*a + a = j. Let n be (-22 + -1)/((-2)/6). What is the greatest common divisor of a and n?
23
Let c = -22 - -8. Let f = 18 - c. Calculate the highest common factor of 16 and f.
16
Let l = 40 + -16. What is the highest common divisor of 28 and l?
4
Suppose -7*n + 130 = 5*o - 2*n, -3*n + 102 = 4*o. Let m be (-42)/9*252/(-49). What is the greatest common factor of o and m?
24
Let u(n) = 25*n - 14. Let b be u(6). Let y = b - 82. Calculate the greatest common factor of 81 and y.
27
Let i be (-36)/(-63) + 206/7. Calculate the highest common divisor of i and 12.
6
Let d(c) = -2*c**2 + 14*c + 11. Let s be d(7). Let f(x) = -x**2 - 7*x + 3. Let y be f(-4). Let w = y - s. What is the highest common factor of 12 and w?
4
Let i(g) = g**3 - 16*g**2 + 24*g + 15. Let f be i(15). What is the highest common divisor of 60 and f?
30
Let m = 9 - 3. Suppose -5*h = -14 - 6. Suppose -6*u - 4*r = -11*u + 130, -h*u = -r - 115. What is the greatest common divisor of u and m?
6
Let m be 2/((-12)/891)*76/(-57). What is the highest common divisor of 11 and m?
11
Suppose 0 = 5*b - 3*b - 110. Suppose 0 = -v - 2*v + 2*n + 58, 86 = 3*v + 5*n. Calculate the greatest common divisor of v and b.
11
Let f(q) = -2*q**2 + q + 1. Let s be f(3). Let k be 14/(-49) - (-178)/s. Let r = k + 26. What is the greatest common divisor of r and 13?
13
Suppose -c - 3*r + 177 = 3*c, 4*r - 41 = -c. Let b be (1 - -15)*5/(-4). Let z be ((-3)/(-2))/((-2)/b). What is the greatest common divisor of z and c?
15
Let c = 92 + -79. Suppose 2*d - l = -3*d + 77, 57 = 3*d + 3*l. Suppose -3*g + d = s, 0 = -5*g + 1 + 4. What is the highest common divisor of s and c?
13
Suppose 112 = 5*q - 113. Calculate the greatest common factor of 36 and q.
9
Let h(p) = 13*p + 33. Let m = 5 - 2. Let k be h(m). Calculate the greatest common divisor of k and 9.
9
Let y(m) = 8*m**2 - 12*m + 5. Let l be y(4). What is the greatest common factor of l and 17?
17
Let c(h) = -h**3 + 14*h**2 + 22*h + 12. Let f be c(15). What is the highest common divisor of f and 780?
39
Let c be ((-30)/7)/(-1*3/42). Suppose -4*m - m = -c. Suppose 86 + 58 = 3*f. Calculate the highest common divisor of m and f.